 the remainder when 93925 is divided by 8530.
95
What is the remainder when 2943 is divided by 71?
32
What is the remainder when 93143 is divided by 183?
179
What is the remainder when 103281 is divided by 3688?
17
Calculate the remainder when 10774 is divided by 76.
58
Calculate the remainder when 1864 is divided by 34.
28
Calculate the remainder when 10127 is divided by 507.
494
Calculate the remainder when 133727 is divided by 796.
795
What is the remainder when 13534 is divided by 48?
46
What is the remainder when 113624 is divided by 505?
504
Calculate the remainder when 2521 is divided by 2519.
2
Calculate the remainder when 10223 is divided by 256.
239
What is the remainder when 88280 is divided by 13?
10
Calculate the remainder when 220582 is divided by 55143.
10
What is the remainder when 2125559 is divided by 451?
447
Calculate the remainder when 51622 is divided by 794.
12
What is the remainder when 36719 is divided by 170?
169
What is the remainder when 174525 is divided by 63?
15
What is the remainder when 7000 is divided by 542?
496
Calculate the remainder when 59682 is divided by 86.
84
Calculate the remainder when 1051 is divided by 260.
11
What is the remainder when 11934 is divided by 214?
164
Calculate the remainder when 11269 is divided by 94.
83
What is the remainder when 7392 is divided by 1198?
204
Calculate the remainder when 119951 is divided by 112.
111
What is the remainder when 33813 is divided by 33803?
10
Calculate the remainder when 149740 is divided by 18.
16
What is the remainder when 7801 is divided by 163?
140
Calculate the remainder when 5056 is divided by 291.
109
Calculate the remainder when 348 is divided by 20.
8
What is the remainder when 402189 is divided by 228?
225
What is the remainder when 1671 is divided by 511?
138
Calculate the remainder when 9533 is divided by 298.
295
Calculate the remainder when 846269 is divided by 647.
640
Calculate the remainder when 2644 is divided by 17.
9
What is the remainder when 226354 is divided by 2632?
2
Calculate the remainder when 1044 is divided by 939.
105
Calculate the remainder when 13742 is divided by 101.
6
What is the remainder when 16984 is divided by 1092?
604
What is the remainder when 4132 is divided by 13?
11
What is the remainder when 15236 is divided by 254?
250
What is the remainder when 3277 is divided by 1611?
55
What is the remainder when 192903 is divided by 5?
3
What is the remainder when 1738 is divided by 480?
298
Calculate the remainder when 2772791 is divided by 72.
71
What is the remainder when 10132 is divided by 611?
356
Calculate the remainder when 88709 is divided by 135.
14
Calculate the remainder when 4002375 is divided by 401.
395
What is the remainder when 278618 is divided by 19901?
4
What is the remainder when 25937 is divided by 34?
29
Calculate the remainder when 30733 is divided by 1059.
22
Calculate the remainder when 8010 is divided by 3974.
62
What is the remainder when 30156 is divided by 457?
451
Calculate the remainder when 103094 is divided by 1339.
1330
What is the remainder when 3464 is divided by 1562?
340
Calculate the remainder when 14287 is divided by 324.
31
Calculate the remainder when 405428 is divided by 907.
906
Calculate the remainder when 905 is divided by 212.
57
What is the remainder when 1136634 is divided by 19?
16
What is the remainder when 2291 is divided by 198?
113
Calculate the remainder when 16519 is divided by 459.
454
Calculate the remainder when 12986 is divided by 241.
213
Calculate the remainder when 2723 is divided by 348.
287
What is the remainder when 7945 is divided by 3960?
25
What is the remainder when 1658 is divided by 25?
8
Calculate the remainder when 642235 is divided by 14.
13
What is the remainder when 165519 is divided by 91?
81
What is the remainder when 15117 is divided by 168?
165
Calculate the remainder when 14272 is divided by 1411.
162
What is the remainder when 15602 is divided by 15600?
2
Calculate the remainder when 142012 is divided by 70994.
24
Calculate the remainder when 6884 is divided by 1374.
14
What is the remainder when 3211 is divided by 309?
121
What is the remainder when 42383 is divided by 14124?
11
Calculate the remainder when 16139 is divided by 64.
11
Calculate the remainder when 5177 is divided by 378.
263
What is the remainder when 122856 is divided by 1171?
1072
What is the remainder when 24706 is divided by 231?
220
Calculate the remainder when 419718 is divided by 801.
795
Calculate the remainder when 113019 is divided by 890.
879
Calculate the remainder when 3375614 is divided by 366.
362
Calculate the remainder when 3091 is divided by 13.
10
What is the remainder when 576358 is divided by 192116?
10
What is the remainder when 1119 is divided by 73?
24
Calculate the remainder when 17957 is divided by 309.
35
Calculate the remainder when 2562 is divided by 68.
46
Calculate the remainder when 51936 is divided by 10381.
31
Calculate the remainder when 8877 is divided by 2128.
365
What is the remainder when 3732 is divided by 1860?
12
Calculate the remainder when 20262 is divided by 6753.
3
Calculate the remainder when 2815 is divided by 421.
289
Calculate the remainder when 3539 is divided by 476.
207
What is the remainder when 776 is divided by 743?
33
What is the remainder when 57791 is divided by 127?
6
What is the remainder when 52291 is divided by 68?
67
What is the remainder when 14233 is divided by 4742?
7
Calculate the remainder when 3816 is divided by 1252.
60
Calculate the remainder when 2503 is divided by 270.
73
Calculate the remainder when 9856 is divided by 1740.
1156
Calculate the remainder when 3076 is divided by 114.
112
Calculate the remainder when 23165 is divided by 27.
26
Calculate the remainder when 16681 is divided by 9.
4
What is the remainder when 239775 is divided by 2694?
9
What is the remainder when 3165 is divided by 2137?
1028
What is the remainder when 21539 is divided by 299?
11
What is the remainder when 11902 is divided by 1079?
33
What is the remainder when 155119 is divided by 121?
118
Calculate the remainder when 18027 is divided by 17958.
69
What is the remainder when 282279 is divided by 42?
39
Calculate the remainder when 141341 is divided by 21.
11
What is the remainder when 4385 is divided by 44?
29
Calculate the remainder when 6442 is divided by 599.
452
Calculate the remainder when 1738 is divided by 121.
44
Calculate the remainder when 68039 is divided by 22654.
77
Calculate the remainder when 43399 is divided by 62.
61
Calculate the remainder when 63950 is divided by 2368.
14
What is the remainder when 51471 is divided by 17154?
9
What is the remainder when 1869 is divided by 87?
42
What is the remainder when 11117 is divided by 11?
7
What is the remainder when 397880 is divided by 301?
259
What is the remainder when 83077 is divided by 57?
28
Calculate the remainder when 1203 is divided by 49.
27
Calculate the remainder when 1345 is divided by 23.
11
Calculate the remainder when 2823 is divided by 2572.
251
What is the remainder when 9703 is divided by 1808?
663
Calculate the remainder when 18411 is divided by 29.
25
What is the remainder when 38196 is divided by 89?
15
What is the remainder when 14629 is divided by 772?
733
What is the remainder when 57404 is divided by 736?
732
Calculate the remainder when 3258 is divided by 470.
438
Calculate the remainder when 25522 is divided by 564.
142
Calculate the remainder when 4182 is divided by 93.
90
What is the remainder when 11074 is divided by 1230?
4
What is the remainder when 147270 is divided by 5454?
12
What is the remainder when 53013 is divided by 490?
93
What is the remainder when 6478 is divided by 329?
227
What is the remainder when 37542 is divided by 21?
15
Calculate the remainder when 9894 is divided by 708.
690
Calculate the remainder when 156199 is divided by 71.
70
What is the remainder when 8733 is divided by 1737?
48
What is the remainder when 22204 is divided by 197?
140
Calculate the remainder when 13909 is divided by 13856.
53
Calculate the remainder when 117993 is divided by 342.
3
What is the remainder when 7587 is divided by 77?
41
What is the remainder when 9256 is divided by 142?
26
What is the remainder when 18254 is divide